{"id":849,"date":"2017-01-09T13:33:28","date_gmt":"2017-01-09T11:33:28","guid":{"rendered":"http:\/\/www.vhs-tarifvertrag.de\/wordpress\/?page_id=849"},"modified":"2022-03-08T21:09:32","modified_gmt":"2022-03-08T19:09:32","slug":"aktuelles","status":"publish","type":"page","link":"https:\/\/www.vhs-tarifvertrag.de\/wordpress\/?page_id=849","title":{"rendered":"Aktuelles"},"content":{"rendered":"<ul class=\"lcp_catlist\" id=\"lcp_instance_0\"><li><a href=\"https:\/\/www.vhs-tarifvertrag.de\/wordpress\/?p=2794\">Demonstration in Hamburg gegen Zulassungsstopp f\u00fcr Integrationskurse<\/a><div class=\"lcp_excerpt\">\n\n\n\n\n\n\n\n\n\n\n\n\n\n\n\n\n\n\n\n\n\n\n\n\nDas Tr\u00e4gerrundschreiben vom BAMF (Bundesamt f\u00fcr Migration und Fl\u00fcchtlinge), das die Zulassung der nicht-verpflichteten Teilnehmenden an den Integrationskursen gestoppt hat, ist immer noch in Kraft &#8211; trotz Protesten von vielen Seiten inkl. eines Antrags der L\u00e4nder Bremen und Niedersachsen im Bundesrat.\nEine erfolgreiche Demo, um die Bundesregierung aufzufordern, den vom BAMF beschlossenen Zulassungsstopp zur\u00fcckzunehmen, fand am ...<\/div><\/li><li><a href=\"https:\/\/www.vhs-tarifvertrag.de\/wordpress\/?p=2770\">Kundgebung vor dem Bundesrat am 27.3.26<\/a><div class=\"lcp_excerpt\">Am 27.3.26 stand auf der Tagesordnung des Bundesrats ein&nbsp;Entschlie\u00dfungs-Antrag der L\u00e4nder Bremen und Niedersachsen mit dem Titel: \u201eZulassungsstopp f\u00fcr die Teilnahme an Integrationskursen nach \u00a7 44 Absatz 4 AufenthG zur\u00fccknehmen\u201c.\nDagegen haben circa 60 Kolleg:innen laut protestiert: Die Ministerpr\u00e4sident:innen und ihre Vertretungen auf dem Weg zum Bundesrat mussten unsere Forderung nach einem Erhalt der Deutschkurse h\u00f6ren ...<\/div><\/li><li><a href=\"https:\/\/www.vhs-tarifvertrag.de\/wordpress\/?p=2763\">Aufruf zur Kundgebung am Freitag 27.3.26 um 8:45 Uhr vor dem Bundesrat<\/a><div class=\"lcp_excerpt\">\n\n\nDas B\u00fcndniss zum Erhalt der Integrations- und Berufssprachkurse, gegen Zulassungsbeschr\u00e4nkungen und die Berliner VHS-Dozent*innen-Vertretung laden alle Kolleg:innen zu einer Kundgebung am Freitag 27.3. vor dem Geb\u00e4ude des Bundesrats ein.\nDer Bundesrat wird sich am 27.3. mit einem Entschlie\u00dfungs-Antrag besch\u00e4ftigen, den die L\u00e4nder Bremen und Niedersachsen eingebracht haben, mit dem Titel: &#8222;Zulassungsstopp f\u00fcr die Teilnahme an Integrationskursen ...<\/div><\/li><li><a href=\"https:\/\/www.vhs-tarifvertrag.de\/wordpress\/?p=2755\">Demo am 14.3.2026: Deutschkurse sichern, nicht streichen<\/a><div class=\"lcp_excerpt\">Unter dem Motto Deutschkurse sichern, nicht streichen fand am Samstag unsere Demonstration f\u00fcr den Erhalt der Integrationskurse vor dem Innenministerium statt. Wir haben damit gegen die von Innenminister Dobrindt beschlossene Streichung der F\u00f6rderung von freiwillig Teilnehmenden an Integrationskursen protestiert. Nach unseren Sch\u00e4tzungen kamen etwa 650 Demonstrierende. Auf der Demonstration sprachen u. a. Lisa Paus (B\u00fcndnis ...<\/div><\/li><li><a href=\"https:\/\/www.vhs-tarifvertrag.de\/wordpress\/?p=2724\">Demo zum Erhalt der Integrationskurse am 14.3.26 um 12 Uhr<\/a><div class=\"lcp_excerpt\">Bei der Vollversammlung der VHS-Dozent:innen am 21.2. hat sich eine Gruppe gebildet, die eine Demo zum Erhalt der Integrationskurse und der Berufssprachkurse am 14.3.26 um 12 Uhr vor dem Bundesministerium des Inneren, Alt-Moabit 140 organisiert.\nDas Vorbereitungstreffen ist am 7.3.26&nbsp;&nbsp;um 17 Uhr im ND-Geb\u00e4ude Franz Mehring Platz 1, im Seminarraum 3\nHier ist das Instagram-Profil f\u00fcr die ...<\/div><\/li><li><a href=\"https:\/\/www.vhs-tarifvertrag.de\/wordpress\/?p=2717\">Vollversammlung der Berliner VHS-Dozent*innen\u2013 21.02.2026<\/a><div class=\"lcp_excerpt\">Franz-Mehring-Platz 1 &#8211; 10243 Berlin und online\nZusammenfassung\n1. Hauptthemen der Versammlung: \na. Situation nach dem Herrenberg-Urteil in Berlin und auf Bundesebene\nb. K\u00fcrzung bei den Integrationskursen\na. Post-Herrenberg: Derzeit warten alle auf ein neues Bundesgesetz zur Besch\u00e4ftigung freier Lehrkr\u00e4fte. Gespr\u00e4che zwischen dem Berliner Senat und der Berliner VHS-Dozvertretung haben ergeben, dass der Senat sein Drei-S\u00e4ulen-Konzept derzeit nicht weiterverfolgt ...<\/div><\/li><li><a href=\"https:\/\/www.vhs-tarifvertrag.de\/wordpress\/?p=2705\">erste Protestaktion gegen den Zulassungsstopp der Integrationskurse<\/a><div class=\"lcp_excerpt\">&nbsp;\nAm Freitag 27.2.26 fand eine erste Protestaktion gegen den Zulassungsstopp der Integrationskurse am Brandenburger Tor statt. Anlass zur Aktion war die Debatte in der Plenarsitzung des Bundestags um 9 Uhr zur Reform des Gemeinsamen Europ\u00e4ischen Asylsystems. Die Gr\u00fcnen stellten einen Antrag: Zugang statt Blockade \u2013 Zulassungsstopp zu Sprach- und Integrationskursen aufheben, Drucksache 21\/4280\n<\/div><\/li><li><a href=\"https:\/\/www.vhs-tarifvertrag.de\/wordpress\/?p=2696\">Reaktionen und Artikel \u00fcber den Zulassungsstopp bei den Integrationskursen<\/a><div class=\"lcp_excerpt\">\u00dcber den Zulassungsstopp bei den Integrationskursen wird viel diskutiert und geschrieben. Hier sind die Stellungnahmen vom B\u00fcndnis Daf-Daz-Lehrkk\u00e4fte vom 13. und 18.2.26 und hier ist ein Pressespiegel zu lesen.\n&nbsp;\n&nbsp;\n<\/div><\/li><li><a href=\"https:\/\/www.vhs-tarifvertrag.de\/wordpress\/?p=2686\">Brain storming zum Zulassungsstopp zu den Integrationskursen<\/a><div class=\"lcp_excerpt\">Das BAMF wird bis Ende 2026 keine weiteren Zulassungen zu Integrationskursen au\u00dfer f\u00fcr diejenigen, die vom Jobcenter dazu verpflichtet sind. Das bedeutet, dass die Zahl der Teilnehmenden 2026 auf maximal 2\/3 der Zahl 2025 sinken wird.&nbsp;\nAm 22.2. ist die Vollversammlung, und wir werden dar\u00fcber sprechen und beschlie\u00dfen.\nDie Berliner VHS-Dozent*innen-Vertretung bittet allen Kolleg:innen darum, die eigenen ...<\/div><\/li><li><a href=\"https:\/\/www.vhs-tarifvertrag.de\/wordpress\/?p=2682\">an Bundesinnenminister Dobrindt Protestmail versenden<\/a><div class=\"lcp_excerpt\">Die Berliner VHS-Dozent:innen-Vertretung, wenden sich allen Dozent:innen mit der dringenden Bitte, alle m\u00f6glichst schnell eine Protestmail zu versenden. Sie richtet sich an Bundesinnenminister Dobrindt (CSU) sowie an den BAMF-Pr\u00e4sidenten und die Ressortleiterin Integrationskurse des BAMF. Unten ist&nbsp; ein Mustertext.\nWie viele Kolleg:innen sicherlich aus Presse und Rundfunk erfahren haben, plant das BAMF auf Weisung des Innenministeriums ...<\/div><\/li><\/ul>\n","protected":false},"excerpt":{"rendered":"","protected":false},"author":2,"featured_media":0,"parent":0,"menu_order":1,"comment_status":"closed","ping_status":"closed","template":"","meta":{"ngg_post_thumbnail":0,"footnotes":""},"class_list":["post-849","page","type-page","status-publish","hentry"],"_links":{"self":[{"href":"https:\/\/www.vhs-tarifvertrag.de\/wordpress\/index.php?rest_route=\/wp\/v2\/pages\/849","targetHints":{"allow":["GET"]}}],"collection":[{"href":"https:\/\/www.vhs-tarifvertrag.de\/wordpress\/index.php?rest_route=\/wp\/v2\/pages"}],"about":[{"href":"https:\/\/www.vhs-tarifvertrag.de\/wordpress\/index.php?rest_route=\/wp\/v2\/types\/page"}],"author":[{"embeddable":true,"href":"https:\/\/www.vhs-tarifvertrag.de\/wordpress\/index.php?rest_route=\/wp\/v2\/users\/2"}],"replies":[{"embeddable":true,"href":"https:\/\/www.vhs-tarifvertrag.de\/wordpress\/index.php?rest_route=%2Fwp%2Fv2%2Fcomments&post=849"}],"version-history":[{"count":3,"href":"https:\/\/www.vhs-tarifvertrag.de\/wordpress\/index.php?rest_route=\/wp\/v2\/pages\/849\/revisions"}],"predecessor-version":[{"id":862,"href":"https:\/\/www.vhs-tarifvertrag.de\/wordpress\/index.php?rest_route=\/wp\/v2\/pages\/849\/revisions\/862"}],"wp:attachment":[{"href":"https:\/\/www.vhs-tarifvertrag.de\/wordpress\/index.php?rest_route=%2Fwp%2Fv2%2Fmedia&parent=849"}],"curies":[{"name":"wp","href":"https:\/\/api.w.org\/{rel}","templated":true}]}}

<ul class="lcp_catlist" id="lcp_instance_0"><li><a href="https://www.vhs-tarifvertrag.de/wordpress/?p=2794">Demonstration in Hamburg gegen Zulassungsstopp für Integrationskurse</a><div class="lcp_excerpt">
























Das Trägerrundschreiben vom BAMF (Bundesamt für Migration und Flüchtlinge), das die Zulassung der nicht-verpflichteten Teilnehmenden an den Integrationskursen gestoppt hat, ist immer noch in Kraft &#8211; trotz Protesten von vielen Seiten inkl. eines Antrags der Länder Bremen und Niedersachsen im Bundesrat.
Eine erfolgreiche Demo, um die Bundesregierung aufzufordern, den vom BAMF beschlossenen Zulassungsstopp zurückzunehmen, fand am ...</div></li><li><a href="https://www.vhs-tarifvertrag.de/wordpress/?p=2770">Kundgebung vor dem Bundesrat am 27.3.26</a><div class="lcp_excerpt">Am 27.3.26 stand auf der Tagesordnung des Bundesrats ein&nbsp;Entschließungs-Antrag der Länder Bremen und Niedersachsen mit dem Titel: „Zulassungsstopp für die Teilnahme an Integrationskursen nach § 44 Absatz 4 AufenthG zurücknehmen“.
Dagegen haben circa 60 Kolleg:innen laut protestiert: Die Ministerpräsident:innen und ihre Vertretungen auf dem Weg zum Bundesrat mussten unsere Forderung nach einem Erhalt der Deutschkurse hören ...</div></li><li><a href="https://www.vhs-tarifvertrag.de/wordpress/?p=2763">Aufruf zur Kundgebung am Freitag 27.3.26 um 8:45 Uhr vor dem Bundesrat</a><div class="lcp_excerpt">


Das Bündniss zum Erhalt der Integrations- und Berufssprachkurse, gegen Zulassungsbeschränkungen und die Berliner VHS-Dozent*innen-Vertretung laden alle Kolleg:innen zu einer Kundgebung am Freitag 27.3. vor dem Gebäude des Bundesrats ein.
Der Bundesrat wird sich am 27.3. mit einem Entschließungs-Antrag beschäftigen, den die Länder Bremen und Niedersachsen eingebracht haben, mit dem Titel: &#8222;Zulassungsstopp für die Teilnahme an Integrationskursen ...</div></li><li><a href="https://www.vhs-tarifvertrag.de/wordpress/?p=2755">Demo am 14.3.2026: Deutschkurse sichern, nicht streichen</a><div class="lcp_excerpt">Unter dem Motto Deutschkurse sichern, nicht streichen fand am Samstag unsere Demonstration für den Erhalt der Integrationskurse vor dem Innenministerium statt. Wir haben damit gegen die von Innenminister Dobrindt beschlossene Streichung der Förderung von freiwillig Teilnehmenden an Integrationskursen protestiert. Nach unseren Schätzungen kamen etwa 650 Demonstrierende. Auf der Demonstration sprachen u. a. Lisa Paus (Bündnis ...</div></li><li><a href="https://www.vhs-tarifvertrag.de/wordpress/?p=2724">Demo zum Erhalt der Integrationskurse am 14.3.26 um 12 Uhr</a><div class="lcp_excerpt">Bei der Vollversammlung der VHS-Dozent:innen am 21.2. hat sich eine Gruppe gebildet, die eine Demo zum Erhalt der Integrationskurse und der Berufssprachkurse am 14.3.26 um 12 Uhr vor dem Bundesministerium des Inneren, Alt-Moabit 140 organisiert.
Das Vorbereitungstreffen ist am 7.3.26&nbsp;&nbsp;um 17 Uhr im ND-Gebäude Franz Mehring Platz 1, im Seminarraum 3
Hier ist das Instagram-Profil für die ...</div></li><li><a href="https://www.vhs-tarifvertrag.de/wordpress/?p=2717">Vollversammlung der Berliner VHS-Dozent*innen– 21.02.2026</a><div class="lcp_excerpt">Franz-Mehring-Platz 1 &#8211; 10243 Berlin und online
Zusammenfassung
1. Hauptthemen der Versammlung: 
a. Situation nach dem Herrenberg-Urteil in Berlin und auf Bundesebene
b. Kürzung bei den Integrationskursen
a. Post-Herrenberg: Derzeit warten alle auf ein neues Bundesgesetz zur Beschäftigung freier Lehrkräfte. Gespräche zwischen dem Berliner Senat und der Berliner VHS-Dozvertretung haben ergeben, dass der Senat sein Drei-Säulen-Konzept derzeit nicht weiterverfolgt ...</div></li><li><a href="https://www.vhs-tarifvertrag.de/wordpress/?p=2705">erste Protestaktion gegen den Zulassungsstopp der Integrationskurse</a><div class="lcp_excerpt">&nbsp;
Am Freitag 27.2.26 fand eine erste Protestaktion gegen den Zulassungsstopp der Integrationskurse am Brandenburger Tor statt. Anlass zur Aktion war die Debatte in der Plenarsitzung des Bundestags um 9 Uhr zur Reform des Gemeinsamen Europäischen Asylsystems. Die Grünen stellten einen Antrag: Zugang statt Blockade – Zulassungsstopp zu Sprach- und Integrationskursen aufheben, Drucksache 21/4280
</div></li><li><a href="https://www.vhs-tarifvertrag.de/wordpress/?p=2696">Reaktionen und Artikel über den Zulassungsstopp bei den Integrationskursen</a><div class="lcp_excerpt">Über den Zulassungsstopp bei den Integrationskursen wird viel diskutiert und geschrieben. Hier sind die Stellungnahmen vom Bündnis Daf-Daz-Lehrkkäfte vom 13. und 18.2.26 und hier ist ein Pressespiegel zu lesen.
&nbsp;
&nbsp;
</div></li><li><a href="https://www.vhs-tarifvertrag.de/wordpress/?p=2686">Brain storming zum Zulassungsstopp zu den Integrationskursen</a><div class="lcp_excerpt">Das BAMF wird bis Ende 2026 keine weiteren Zulassungen zu Integrationskursen außer für diejenigen, die vom Jobcenter dazu verpflichtet sind. Das bedeutet, dass die Zahl der Teilnehmenden 2026 auf maximal 2/3 der Zahl 2025 sinken wird.&nbsp;
Am 22.2. ist die Vollversammlung, und wir werden darüber sprechen und beschließen.
Die Berliner VHS-Dozent*innen-Vertretung bittet allen Kolleg:innen darum, die eigenen ...</div></li><li><a href="https://www.vhs-tarifvertrag.de/wordpress/?p=2682">an Bundesinnenminister Dobrindt Protestmail versenden</a><div class="lcp_excerpt">Die Berliner VHS-Dozent:innen-Vertretung, wenden sich allen Dozent:innen mit der dringenden Bitte, alle möglichst schnell eine Protestmail zu versenden. Sie richtet sich an Bundesinnenminister Dobrindt (CSU) sowie an den BAMF-Präsidenten und die Ressortleiterin Integrationskurse des BAMF. Unten ist&nbsp; ein Mustertext.
Wie viele Kolleg:innen sicherlich aus Presse und Rundfunk erfahren haben, plant das BAMF auf Weisung des Innenministeriums ...</div></li></ul>
