{"id":488,"date":"2016-06-08T23:01:34","date_gmt":"2016-06-08T21:01:34","guid":{"rendered":"http:\/\/www.vhs-tarifvertrag.de\/wordpress\/?page_id=488"},"modified":"2022-07-22T19:43:19","modified_gmt":"2022-07-22T17:43:19","slug":"start","status":"publish","type":"page","link":"https:\/\/www.vhs-tarifvertrag.de\/wordpress\/?page_id=488","title":{"rendered":"Mitmachen"},"content":{"rendered":"<p class=\"western\" lang=\"de-DE\"><span style=\"font-family: Verdana, sans-serif;\"><span style=\"font-size: small;\"><img loading=\"lazy\" decoding=\"async\" class=\"wp-image-2141 size-large aligncenter\" src=\"https:\/\/www.vhs-tarifvertrag.de\/wordpress\/wp-content\/uploads\/20220617_190650-scaled-e1658511771174-1024x576.jpg\" alt=\"\" width=\"665\" height=\"374\" srcset=\"https:\/\/www.vhs-tarifvertrag.de\/wordpress\/wp-content\/uploads\/20220617_190650-scaled-e1658511771174-1024x576.jpg 1024w, https:\/\/www.vhs-tarifvertrag.de\/wordpress\/wp-content\/uploads\/20220617_190650-scaled-e1658511771174-300x169.jpg 300w, https:\/\/www.vhs-tarifvertrag.de\/wordpress\/wp-content\/uploads\/20220617_190650-scaled-e1658511771174-768x432.jpg 768w, https:\/\/www.vhs-tarifvertrag.de\/wordpress\/wp-content\/uploads\/20220617_190650-scaled-e1658511771174-1536x863.jpg 1536w, https:\/\/www.vhs-tarifvertrag.de\/wordpress\/wp-content\/uploads\/20220617_190650-scaled-e1658511771174-2048x1151.jpg 2048w, https:\/\/www.vhs-tarifvertrag.de\/wordpress\/wp-content\/uploads\/20220617_190650-scaled-e1658511771174-660x371.jpg 660w\" sizes=\"auto, (max-width: 665px) 100vw, 665px\" \/><\/span><\/span><\/p>\n<p class=\"western\" lang=\"de-DE\"><span style=\"font-family: Verdana, sans-serif;\"><span style=\"font-size: small;\">Es ist wichtig, dass viele Kolleg*innen mitmachen, und das kann auf vielf\u00e4ltige Weise geschehen:<\/span><\/span><\/p>\n<ul>\n<li>\n<p class=\"western\" lang=\"de-DE\"><span style=\"font-family: Verdana, sans-serif;\"><span style=\"font-size: small;\">Ihr k\u00f6nnt euch in den lokalen Kursleitendenvertretungen an eurer VHS engagieren. Hier sind die <a href=\"https:\/\/www.vhs-tarifvertrag.de\/wordpress\/?page_id=197\" target=\"_blank\" rel=\"noopener\">e-Mail-Adressen<\/a>.<br \/>\n<\/span><\/span><\/p>\n<\/li>\n<li>\n<p class=\"western\" lang=\"de-DE\"><span style=\"font-family: Verdana, sans-serif;\"><span style=\"font-size: small;\">Ihr k\u00f6nnt euch in der Berliner VHS-Dozent*innen-Vertretung engagieren. Oder einfach mal bei unseren Treffen vorbeischauen. Sie sind f\u00fcr alle Berliner VHS-Dozent*innen offen. <\/span><\/span><\/p>\n<\/li>\n<li>\n<p class=\"western\" lang=\"de-DE\"><span style=\"font-family: Verdana, sans-serif;\"><span style=\"font-size: small;\">Ihr k\u00f6nnt zur j\u00e4hrlichen Vollversammlung kommen.<br \/>\n<\/span><\/span><\/p>\n<\/li>\n<li>\n<p class=\"western\" lang=\"de-DE\"><span style=\"font-family: Verdana, sans-serif;\"><span style=\"font-size: small;\">Ihr k\u00f6nnt an Demonstrationen und Aktionen teilnehmen.<\/span><\/span><\/p>\n<\/li>\n<li>\n<p class=\"western\" lang=\"de-DE\"><span style=\"font-family: Verdana, sans-serif;\"><span style=\"font-size: small;\">Ihr k\u00f6nnt Mitglied in einer Gewerkschaft werden. Die gro\u00dfe Mehrheit von uns ist bei <a href=\"https:\/\/biwifo-bb.verdi.de\/\" target=\"_blank\" rel=\"noopener noreferrer\">ver.di<\/a>, da wir dort seit vielen Jahren eine gute und erfolgreiche Unterst\u00fctzung erfahren. Einige von uns sind Mitglieder der <a href=\"https:\/\/www.gew-berlin.de\/fachgruppen\/fachgruppe-erwachsenenbildung\/\" target=\"_blank\" rel=\"noopener noreferrer\">GEW<\/a>. Die Beitr\u00e4ge sind steuerlich absetzbar.<\/span><\/span><\/p>\n<\/li>\n<\/ul>\n<p>&nbsp;<\/p>\n","protected":false},"excerpt":{"rendered":"<p>Es ist wichtig, dass viele Kolleg*innen mitmachen, und das kann auf vielf\u00e4ltige Weise geschehen: Ihr k\u00f6nnt euch in den lokalen Kursleitendenvertretungen an eurer VHS engagieren. Hier sind die e-Mail-Adressen. Ihr k\u00f6nnt euch in der Berliner VHS-Dozent*innen-Vertretung engagieren. Oder einfach mal bei unseren Treffen vorbeischauen. Sie sind f\u00fcr alle Berliner VHS-Dozent*innen offen. Ihr k\u00f6nnt zur j\u00e4hrlichen\u2026 <span class=\"read-more\"><a href=\"https:\/\/www.vhs-tarifvertrag.de\/wordpress\/?page_id=488\">Weiterlesen &raquo;<\/a><\/span><\/p>\n","protected":false},"author":2,"featured_media":0,"parent":0,"menu_order":3,"comment_status":"closed","ping_status":"closed","template":"","meta":{"ngg_post_thumbnail":0,"footnotes":""},"class_list":["post-488","page","type-page","status-publish","hentry"],"_links":{"self":[{"href":"https:\/\/www.vhs-tarifvertrag.de\/wordpress\/index.php?rest_route=\/wp\/v2\/pages\/488","targetHints":{"allow":["GET"]}}],"collection":[{"href":"https:\/\/www.vhs-tarifvertrag.de\/wordpress\/index.php?rest_route=\/wp\/v2\/pages"}],"about":[{"href":"https:\/\/www.vhs-tarifvertrag.de\/wordpress\/index.php?rest_route=\/wp\/v2\/types\/page"}],"author":[{"embeddable":true,"href":"https:\/\/www.vhs-tarifvertrag.de\/wordpress\/index.php?rest_route=\/wp\/v2\/users\/2"}],"replies":[{"embeddable":true,"href":"https:\/\/www.vhs-tarifvertrag.de\/wordpress\/index.php?rest_route=%2Fwp%2Fv2%2Fcomments&post=488"}],"version-history":[{"count":99,"href":"https:\/\/www.vhs-tarifvertrag.de\/wordpress\/index.php?rest_route=\/wp\/v2\/pages\/488\/revisions"}],"predecessor-version":[{"id":2142,"href":"https:\/\/www.vhs-tarifvertrag.de\/wordpress\/index.php?rest_route=\/wp\/v2\/pages\/488\/revisions\/2142"}],"wp:attachment":[{"href":"https:\/\/www.vhs-tarifvertrag.de\/wordpress\/index.php?rest_route=%2Fwp%2Fv2%2Fmedia&parent=488"}],"curies":[{"name":"wp","href":"https:\/\/api.w.org\/{rel}","templated":true}]}}