{"id":282,"date":"2016-03-07T16:23:54","date_gmt":"2016-03-07T14:23:54","guid":{"rendered":"http:\/\/www.vhs-tarifvertrag.de\/wordpress\/?page_id=282"},"modified":"2026-03-12T09:50:34","modified_gmt":"2026-03-12T07:50:34","slug":"archiv","status":"publish","type":"page","link":"https:\/\/www.vhs-tarifvertrag.de\/wordpress\/?page_id=282","title":{"rendered":"N\u00fctzliches (Service)"},"content":{"rendered":"<p><strong>AUSF\u00dcHRUNGSVORSCHRIFTEN<\/strong><\/p>\n<p><a href=\"https:\/\/www.vhs-tarifvertrag.de\/wordpress\/wp-content\/uploads\/AVHonorareVHS_220801_text.pdf\">Ausf\u00fchrungsvorschrift<\/a> \u00fcber Honorare der Volkshochschulen (AV Honorare VHS), 21.7.2022<\/p>\n<p>&#8222;Mehr soziale Sicherheit f\u00fcr VHS-Dozent*innen&#8220;: Ergebnisse der <a href=\"https:\/\/www.vhs-tarifvertrag.de\/wordpress\/wp-content\/uploads\/VV-21-Einigung-Senat-aktualisiert-20.12.21.pdf\">Einigung<\/a> mit dem Senat, 07. Dezember 2021<\/p>\n<p><strong>HONORARE: <\/strong>Dozent:innen mit einem Hochschulabschluss sind in der Gruppe 1.2, u.a. die Sprachdoz:innen.<\/p>\n<p><a href=\"https:\/\/www.vhs-tarifvertrag.de\/wordpress\/wp-content\/uploads\/AVHonorareVHS_220801_tabelle.pdf\">Honorare<\/a> 2022-24<\/p>\n<p><a href=\"https:\/\/www.vhs-tarifvertrag.de\/wordpress\/wp-content\/uploads\/Honorar-und-Entgeltbandbreiten-ab-1.8.2021.pdf\">Honorare<\/a> 2021-22<\/p>\n<p><a href=\"https:\/\/www.vhs-tarifvertrag.de\/wordpress\/wp-content\/uploads\/honorartabelle_2019.pdf\">Honorare<\/a> 2019<\/p>\n<p class=\"date\"><a href=\"https:\/\/www.vhs-tarifvertrag.de\/wordpress\/wp-content\/uploads\/Honorare_2017-1.pdf\">Honorare<\/a> 2017<\/p>\n<p><a href=\"https:\/\/www.vhs-tarifvertrag.de\/wordpress\/wp-content\/uploads\/VHS-Honorars\u00e4tze-2014-2015-1.pdf\">Honorars\u00e4tze<\/a> 2014 2015<\/p>\n<p>&nbsp;<\/p>\n<p><strong>ARBEITNEHMER\u00c4HNLICHKEIT<\/strong><\/p>\n<p><a href=\"https:\/\/www.vhs-tarifvertrag.de\/wordpress\/wp-content\/uploads\/Antrag_AN\u2500_NEU.pdf\">Antrag_Arbeinehmeraehnlichkeit_2025.pdf<\/a><\/p>\n<p><a href=\"https:\/\/www.vhs-tarifvertrag.de\/wordpress\/wp-content\/uploads\/SenBJF_festestellungarbeitnehemraehnlichkeit_Korr_RS31-2019_markiert-1.pdf\">Festestellung<\/a> der Arbeitnehmer\u00e4hnlichkeit &#8211; Senatsverwaltung f\u00fcr Finanzen, 15.12.2020<\/p>\n<p><a href=\"https:\/\/www.vhs-tarifvertrag.de\/wordpress\/wp-content\/uploads\/8.-Rundscheiben-SenFin-Feststellung-Arbeitnehmeraehnlichkeit-2019-1.pdf\">Feststellung<\/a> der Arbeitnehmer\u00e4hnlichkeit &#8211; Senatsverwaltung f\u00fcr Finanzen, 19.06.219<\/p>\n<p><a href=\"https:\/\/www.vhs-tarifvertrag.de\/wordpress\/wp-content\/uploads\/Info_Schreiben_2017_02_Arbeitnehmer\u00e4hnlichkeit_Antragstermine.cleaned-1.pdf\">Antragstermine<\/a> f\u00fcr die Feststellung der Arbeitnehmer\u00e4hnlichkeit &#8211; Senatsverwaltung f\u00fcr Bildung, 24.04.2017<\/p>\n<p><img loading=\"lazy\" decoding=\"async\" class=\" wp-image-1427 alignright\" src=\"https:\/\/www.vhs-tarifvertrag.de\/wordpress\/wp-content\/uploads\/berlin_de.png\" alt=\"\" width=\"164\" height=\"41\"><\/p>\n<p><a href=\"https:\/\/www.vhs-tarifvertrag.de\/wordpress\/wp-content\/uploads\/220711_neufassung-urlaub-fuer-arbeitnehmeraehnliche_final.pdf\">Urlaub<\/a>sverfahren f\u00fcr Arbeitnemer\u00e4hnliche &#8211; Senatsverwaltung f\u00fcr Bildung, 11.07.2022<\/p>\n<p>&nbsp;<\/p>\n<p class=\"western\" lang=\"de-DE\"><strong><span style=\"color: #000000;\"><span style=\"font-size: medium;\"><span lang=\"de-DE\">AUSFALLZAHLUNG IM KRANKHEITSFALL<\/span><\/span><\/span><\/strong><\/p>\n<p lang=\"de-DE\"><a href=\"https:\/\/www.vhs-tarifvertrag.de\/wordpress\/wp-content\/uploads\/Merkblatt-Ausfallhonorar-im-Krankheitsfall_2023.pdf\">Merkblatt Ausfallhonorar im Krankheitsfall_2023<\/a><\/p>\n<p><a href=\"https:\/\/www.vhs-tarifvertrag.de\/wordpress\/wp-content\/uploads\/Antrag_Ausfallhonorar_Krankheit_AV-2022.pdf\">Antrag Ausfallhonorar Krankheit 2023<\/a><\/p>\n<p><a href=\"https:\/\/www.vhs-tarifvertrag.de\/wordpress\/wp-content\/uploads\/2022-05-31-Ausfallhonorare-im-Krankheitsfall-1.pdf\">Ausfallhonorar<\/a> im Krankheitsfall &#8211; Senatsverwaltung f\u00fcr Finanzen, 31.5.2022<\/p>\n<p><a href=\"https:\/\/www.vhs-tarifvertrag.de\/wordpress\/wp-content\/uploads\/220301_Anschreiben_Ausfallhonorar-im-Krankheitsfall.pdf\">Ausfallhonorar<\/a> im Krankheitsfall &#8211; Senatsverwaltung f\u00fcr Bildung, 1.3.2022<\/p>\n<p><a href=\"http:\/\/www.vhs-tarifvertrag.de\/wordpress\/wp-content\/uploads\/Amtsblatt-2014-Krankheit-Ausgleichzahlung-1-2014.pdf\">Amtsblatt<\/a> vom 3.1.2014<\/p>\n<p><a href=\"http:\/\/www.vhs-tarifvertrag.de\/wordpress\/wp-content\/uploads\/Merkblatt-Ausfallhonorar_28072014_1.pdf\">Merkblatt<\/a> der Berliner VHSen&nbsp;vom 28.7.2014<\/p>\n<p>&nbsp;<\/p>\n<p><strong>BILDUNGSURLAUB<\/strong><\/p>\n<p><a href=\"https:\/\/www.berlin.de\/sen\/arbeit\/weiterbildung\/bildungsurlaub\/\" target=\"_blank\" rel=\"noopener noreferrer\">Infos<\/a> der Senatsverwaltung f\u00fcr Integration, Arbeit und Soziales<\/p>\n<p><a href=\"https:\/\/www.vhs-tarifvertrag.de\/wordpress\/wp-content\/uploads\/Musterantrag-BiZeit_Urlaub_ANaehnliche_neu.odt\">Musterantrag zum Herunterladen<\/a><\/p>\n<p><strong>ARBEITSZEUGNIS<\/strong><\/p>\n<p>Alles was man \u00fcber Arbeitszeugnisse wissen muss \u2013<br \/>\n\u00fcber gute und schlechte Bewertungen und versteckte Formulierungen&nbsp;<\/p>\n<p><a href=\"https:\/\/www.verdi.de\/themen\/arbeit\/++co++6c32cc08-6d54-11ec-b675-001a4a16012a\">eine Information von ver.di<\/a><\/p>\n<p>&nbsp;<\/p>\n<p><strong>&nbsp;<\/strong><\/p>\n","protected":false},"excerpt":{"rendered":"<p>AUSF\u00dcHRUNGSVORSCHRIFTEN Ausf\u00fchrungsvorschrift \u00fcber Honorare der Volkshochschulen (AV Honorare VHS), 21.7.2022 &#8222;Mehr soziale Sicherheit f\u00fcr VHS-Dozent*innen&#8220;: Ergebnisse der Einigung mit dem Senat, 07. Dezember 2021 HONORARE: Dozent:innen mit einem Hochschulabschluss sind in der Gruppe 1.2, u.a. die Sprachdoz:innen. Honorare 2022-24 Honorare 2021-22 Honorare 2019 Honorare 2017 Honorars\u00e4tze 2014 2015 &nbsp; ARBEITNEHMER\u00c4HNLICHKEIT Antrag_Arbeinehmeraehnlichkeit_2025.pdf Festestellung der Arbeitnehmer\u00e4hnlichkeit &#8211;\u2026 <span class=\"read-more\"><a href=\"https:\/\/www.vhs-tarifvertrag.de\/wordpress\/?page_id=282\">Weiterlesen &raquo;<\/a><\/span><\/p>\n","protected":false},"author":3,"featured_media":0,"parent":0,"menu_order":8,"comment_status":"closed","ping_status":"closed","template":"","meta":{"ngg_post_thumbnail":0,"footnotes":""},"class_list":["post-282","page","type-page","status-publish","hentry"],"_links":{"self":[{"href":"https:\/\/www.vhs-tarifvertrag.de\/wordpress\/index.php?rest_route=\/wp\/v2\/pages\/282","targetHints":{"allow":["GET"]}}],"collection":[{"href":"https:\/\/www.vhs-tarifvertrag.de\/wordpress\/index.php?rest_route=\/wp\/v2\/pages"}],"about":[{"href":"https:\/\/www.vhs-tarifvertrag.de\/wordpress\/index.php?rest_route=\/wp\/v2\/types\/page"}],"author":[{"embeddable":true,"href":"https:\/\/www.vhs-tarifvertrag.de\/wordpress\/index.php?rest_route=\/wp\/v2\/users\/3"}],"replies":[{"embeddable":true,"href":"https:\/\/www.vhs-tarifvertrag.de\/wordpress\/index.php?rest_route=%2Fwp%2Fv2%2Fcomments&post=282"}],"version-history":[{"count":48,"href":"https:\/\/www.vhs-tarifvertrag.de\/wordpress\/index.php?rest_route=\/wp\/v2\/pages\/282\/revisions"}],"predecessor-version":[{"id":2733,"href":"https:\/\/www.vhs-tarifvertrag.de\/wordpress\/index.php?rest_route=\/wp\/v2\/pages\/282\/revisions\/2733"}],"wp:attachment":[{"href":"https:\/\/www.vhs-tarifvertrag.de\/wordpress\/index.php?rest_route=%2Fwp%2Fv2%2Fmedia&parent=282"}],"curies":[{"name":"wp","href":"https:\/\/api.w.org\/{rel}","templated":true}]}}

Nützliches (Service)

<p><strong>AUSFÜHRUNGSVORSCHRIFTEN</strong></p>
<p><a href="https://www.vhs-tarifvertrag.de/wordpress/wp-content/uploads/AVHonorareVHS_220801_text.pdf">Ausführungsvorschrift</a> über Honorare der Volkshochschulen (AV Honorare VHS), 21.7.2022</p>
<p>&#8222;Mehr soziale Sicherheit für VHS-Dozent*innen&#8220;: Ergebnisse der <a href="https://www.vhs-tarifvertrag.de/wordpress/wp-content/uploads/VV-21-Einigung-Senat-aktualisiert-20.12.21.pdf">Einigung</a> mit dem Senat, 07. Dezember 2021</p>
<p><strong>HONORARE: </strong>Dozent:innen mit einem Hochschulabschluss sind in der Gruppe 1.2, u.a. die Sprachdoz:innen.</p>
<p><a href="https://www.vhs-tarifvertrag.de/wordpress/wp-content/uploads/AVHonorareVHS_220801_tabelle.pdf">Honorare</a> 2022-24</p>
<p><a href="https://www.vhs-tarifvertrag.de/wordpress/wp-content/uploads/Honorar-und-Entgeltbandbreiten-ab-1.8.2021.pdf">Honorare</a> 2021-22</p>
<p><a href="https://www.vhs-tarifvertrag.de/wordpress/wp-content/uploads/honorartabelle_2019.pdf">Honorare</a> 2019</p>
<p class="date"><a href="https://www.vhs-tarifvertrag.de/wordpress/wp-content/uploads/Honorare_2017-1.pdf">Honorare</a> 2017</p>
<p><a href="https://www.vhs-tarifvertrag.de/wordpress/wp-content/uploads/VHS-Honorarsätze-2014-2015-1.pdf">Honorarsätze</a> 2014 2015</p>
<p>&nbsp;</p>
<p><strong>ARBEITNEHMERÄHNLICHKEIT</strong></p>
<p><a href="https://www.vhs-tarifvertrag.de/wordpress/wp-content/uploads/Antrag_AN─_NEU.pdf">Antrag_Arbeinehmeraehnlichkeit_2025.pdf</a></p>
<p><a href="https://www.vhs-tarifvertrag.de/wordpress/wp-content/uploads/SenBJF_festestellungarbeitnehemraehnlichkeit_Korr_RS31-2019_markiert-1.pdf">Festestellung</a> der Arbeitnehmerähnlichkeit &#8211; Senatsverwaltung für Finanzen, 15.12.2020</p>
<p><a href="https://www.vhs-tarifvertrag.de/wordpress/wp-content/uploads/8.-Rundscheiben-SenFin-Feststellung-Arbeitnehmeraehnlichkeit-2019-1.pdf">Feststellung</a> der Arbeitnehmerähnlichkeit &#8211; Senatsverwaltung für Finanzen, 19.06.219</p>
<p><a href="https://www.vhs-tarifvertrag.de/wordpress/wp-content/uploads/Info_Schreiben_2017_02_Arbeitnehmerähnlichkeit_Antragstermine.cleaned-1.pdf">Antragstermine</a> für die Feststellung der Arbeitnehmerähnlichkeit &#8211; Senatsverwaltung für Bildung, 24.04.2017</p>
<p><img loading="lazy" decoding="async" class=" wp-image-1427 alignright" src="https://www.vhs-tarifvertrag.de/wordpress/wp-content/uploads/berlin_de.png" alt="" width="164" height="41"></p>
<p><a href="https://www.vhs-tarifvertrag.de/wordpress/wp-content/uploads/220711_neufassung-urlaub-fuer-arbeitnehmeraehnliche_final.pdf">Urlaub</a>sverfahren für Arbeitnemerähnliche &#8211; Senatsverwaltung für Bildung, 11.07.2022</p>
<p>&nbsp;</p>
<p class="western" lang="de-DE"><strong><span style="color: #000000;"><span style="font-size: medium;"><span lang="de-DE">AUSFALLZAHLUNG IM KRANKHEITSFALL</span></span></span></strong></p>
<p lang="de-DE"><a href="https://www.vhs-tarifvertrag.de/wordpress/wp-content/uploads/Merkblatt-Ausfallhonorar-im-Krankheitsfall_2023.pdf">Merkblatt Ausfallhonorar im Krankheitsfall_2023</a></p>
<p><a href="https://www.vhs-tarifvertrag.de/wordpress/wp-content/uploads/Antrag_Ausfallhonorar_Krankheit_AV-2022.pdf">Antrag Ausfallhonorar Krankheit 2023</a></p>
<p><a href="https://www.vhs-tarifvertrag.de/wordpress/wp-content/uploads/2022-05-31-Ausfallhonorare-im-Krankheitsfall-1.pdf">Ausfallhonorar</a> im Krankheitsfall &#8211; Senatsverwaltung für Finanzen, 31.5.2022</p>
<p><a href="https://www.vhs-tarifvertrag.de/wordpress/wp-content/uploads/220301_Anschreiben_Ausfallhonorar-im-Krankheitsfall.pdf">Ausfallhonorar</a> im Krankheitsfall &#8211; Senatsverwaltung für Bildung, 1.3.2022</p>
<p><a href="http://www.vhs-tarifvertrag.de/wordpress/wp-content/uploads/Amtsblatt-2014-Krankheit-Ausgleichzahlung-1-2014.pdf">Amtsblatt</a> vom 3.1.2014</p>
<p><a href="http://www.vhs-tarifvertrag.de/wordpress/wp-content/uploads/Merkblatt-Ausfallhonorar_28072014_1.pdf">Merkblatt</a> der Berliner VHSen&nbsp;vom 28.7.2014</p>
<p>&nbsp;</p>
<p><strong>BILDUNGSURLAUB</strong></p>
<p><a href="https://www.berlin.de/sen/arbeit/weiterbildung/bildungsurlaub/" target="_blank" rel="noopener noreferrer">Infos</a> der Senatsverwaltung für Integration, Arbeit und Soziales</p>
<p><a href="https://www.vhs-tarifvertrag.de/wordpress/wp-content/uploads/Musterantrag-BiZeit_Urlaub_ANaehnliche_neu.odt">Musterantrag zum Herunterladen</a></p>
<p><strong>ARBEITSZEUGNIS</strong></p>
<p>Alles was man über Arbeitszeugnisse wissen muss –<br />
über gute und schlechte Bewertungen und versteckte Formulierungen&nbsp;</p>
<p><a href="https://www.verdi.de/themen/arbeit/++co++6c32cc08-6d54-11ec-b675-001a4a16012a">eine Information von ver.di</a></p>
<p>&nbsp;</p>
<p><strong>&nbsp;</strong></p>

<p>AUSFÜHRUNGSVORSCHRIFTEN Ausführungsvorschrift über Honorare der Volkshochschulen (AV Honorare VHS), 21.7.2022 &#8222;Mehr soziale Sicherheit für VHS-Dozent*innen&#8220;: Ergebnisse der Einigung mit dem Senat, 07. Dezember 2021 HONORARE: Dozent:innen mit einem Hochschulabschluss sind in der Gruppe 1.2, u.a. die Sprachdoz:innen. Honorare 2022-24 Honorare 2021-22 Honorare 2019 Honorare 2017 Honorarsätze 2014 2015 &nbsp; ARBEITNEHMERÄHNLICHKEIT Antrag_Arbeinehmeraehnlichkeit_2025.pdf Festestellung der Arbeitnehmerähnlichkeit &#8211;… <span class="read-more"><a href="https://www.vhs-tarifvertrag.de/wordpress/?page_id=282">Weiterlesen &raquo;</a></span></p>
